{"id":23,"date":"2024-10-01T07:23:57","date_gmt":"2024-10-01T07:23:57","guid":{"rendered":"https:\/\/project.multimedyaatolyesi.com\/albeon\/?page_id=23"},"modified":"2025-06-24T09:16:23","modified_gmt":"2025-06-24T09:16:23","slug":"urunler","status":"publish","type":"page","link":"https:\/\/project.multimedyaatolyesi.com\/albeon\/tr\/urunler\/","title":{"rendered":"\u00dcr\u00fcnler"},"content":{"rendered":"\t\t<div data-elementor-type=\"wp-page\" data-elementor-id=\"23\" class=\"elementor elementor-23\" data-elementor-post-type=\"page\">\n\t\t\t\t<div class=\"elementor-element elementor-element-8dbc7af e-flex e-con-boxed e-con e-parent\" data-id=\"8dbc7af\" data-element_type=\"container\" data-settings=\"{&quot;background_background&quot;:&quot;classic&quot;}\">\n\t\t\t\t\t<div class=\"e-con-inner\">\n\t\t\t\t<div class=\"elementor-element elementor-element-6399012 elementor-invisible elementor-widget elementor-widget-heading\" data-id=\"6399012\" data-element_type=\"widget\" data-settings=\"{&quot;_animation&quot;:&quot;zoomIn&quot;}\" data-widget_type=\"heading.default\">\n\t\t\t\t<div class=\"elementor-widget-container\">\n\t\t\t<h1 class=\"elementor-heading-title elementor-size-default\">\u00dcR\u00dcNLER<\/h1>\t\t<\/div>\n\t\t\t\t<\/div>\n\t\t\t\t<div class=\"elementor-element elementor-element-8a2fd0c elementor-align-center elementor-widget elementor-widget-breadcrumbs\" data-id=\"8a2fd0c\" data-element_type=\"widget\" data-widget_type=\"breadcrumbs.default\">\n\t\t\t\t<div class=\"elementor-widget-container\">\n\t\t\t<p id=\"breadcrumbs\"><span><span><a href=\"https:\/\/project.multimedyaatolyesi.com\/albeon\/tr\/anasayfa\/\">Albayrak Demir \u00c7elik<\/a><\/span><\/span><\/p>\t\t<\/div>\n\t\t\t\t<\/div>\n\t\t\t\t\t<\/div>\n\t\t\t\t<\/div>\n\t\t<div class=\"elementor-element elementor-element-03c4b28 e-grid e-con-boxed e-con e-parent\" data-id=\"03c4b28\" data-element_type=\"container\">\n\t\t\t\t\t<div class=\"e-con-inner\">\n\t\t<a class=\"elementor-element elementor-element-cf6e86f e-con-full e-flex e-con e-child\" data-id=\"cf6e86f\" data-element_type=\"container\" data-settings=\"{&quot;background_background&quot;:&quot;classic&quot;}\" href=\"https:\/\/project.multimedyaatolyesi.com\/albeon\/tr\/product\/panel-cit\/\">\n\t\t\t\t<div class=\"elementor-element elementor-element-d70d99c elementor-widget elementor-widget-heading\" data-id=\"d70d99c\" data-element_type=\"widget\" data-widget_type=\"heading.default\">\n\t\t\t\t<div class=\"elementor-widget-container\">\n\t\t\t<h1 class=\"elementor-heading-title elementor-size-default\">PANEL \u00c7\u0130T<\/h1>\t\t<\/div>\n\t\t\t\t<\/div>\n\t\t\t\t<\/a>\n\t\t<a class=\"elementor-element elementor-element-6c016ce e-con-full e-flex e-con e-child\" data-id=\"6c016ce\" data-element_type=\"container\" data-settings=\"{&quot;background_background&quot;:&quot;classic&quot;}\" href=\"https:\/\/project.multimedyaatolyesi.com\/albeon\/trproduct\/tavli-tel\/\">\n\t\t\t\t<div class=\"elementor-element elementor-element-407d4e5 elementor-widget elementor-widget-heading\" data-id=\"407d4e5\" data-element_type=\"widget\" data-widget_type=\"heading.default\">\n\t\t\t\t<div class=\"elementor-widget-container\">\n\t\t\t<h1 class=\"elementor-heading-title elementor-size-default\">TAVLI TEL<\/h1>\t\t<\/div>\n\t\t\t\t<\/div>\n\t\t\t\t<\/a>\n\t\t<a class=\"elementor-element elementor-element-0c476db e-con-full e-flex e-con e-child\" data-id=\"0c476db\" data-element_type=\"container\" data-settings=\"{&quot;background_background&quot;:&quot;classic&quot;}\" href=\"https:\/\/project.multimedyaatolyesi.com\/albeon\/tr\/product\/insaat-civisi\/\">\n\t\t\t\t<div class=\"elementor-element elementor-element-a4b101c elementor-widget elementor-widget-heading\" data-id=\"a4b101c\" data-element_type=\"widget\" data-widget_type=\"heading.default\">\n\t\t\t\t<div class=\"elementor-widget-container\">\n\t\t\t<h1 class=\"elementor-heading-title elementor-size-default\">\u0130N\u015eAAT \u00c7\u0130V\u0130S\u0130<\/h1>\t\t<\/div>\n\t\t\t\t<\/div>\n\t\t\t\t<\/a>\n\t\t<a class=\"elementor-element elementor-element-2ebeb9a e-con-full e-flex e-con e-child\" data-id=\"2ebeb9a\" data-element_type=\"container\" data-settings=\"{&quot;background_background&quot;:&quot;classic&quot;}\" href=\"https:\/\/project.multimedyaatolyesi.com\/albeon\/tr\/product\/galvanizli-tel\/\">\n\t\t\t\t<div class=\"elementor-element elementor-element-3d123f3 elementor-widget elementor-widget-heading\" data-id=\"3d123f3\" data-element_type=\"widget\" data-widget_type=\"heading.default\">\n\t\t\t\t<div class=\"elementor-widget-container\">\n\t\t\t<h1 class=\"elementor-heading-title elementor-size-default\">GALVAN\u0130ZL\u0130 TEL<\/h1>\t\t<\/div>\n\t\t\t\t<\/div>\n\t\t\t\t<\/a>\n\t\t\t\t\t<\/div>\n\t\t\t\t<\/div>\n\t\t\t\t<\/div>\n\t\t","protected":false},"excerpt":{"rendered":"<p>\u00dcR\u00dcNLER PANEL \u00c7\u0130T TAVLI TEL \u0130N\u015eAAT \u00c7\u0130V\u0130S\u0130 GALVAN\u0130ZL\u0130 TEL<\/p>\n","protected":false},"author":1,"featured_media":0,"parent":0,"menu_order":0,"comment_status":"closed","ping_status":"closed","template":"","meta":{"_acf_changed":false,"_eb_attr":"","footnotes":""},"class_list":["post-23","page","type-page","status-publish","hentry"],"acf":[],"yoast_head":"<!-- This site is optimized with the Yoast SEO plugin v23.5 - https:\/\/yoast.com\/wordpress\/plugins\/seo\/ -->\n<title>\u00dcr\u00fcnler - Albayrak Demir \u00c7elik<\/title>\n<meta name=\"description\" content=\"Albayrak Demir \u00c7elik, in\u015faat \u00e7ivisi, \u00e7elik has\u0131r, tavl\u0131 tel, galvanizli tel ve panel \u00e7it gibi \u00fcr\u00fcnlerde y\u00fcksek kaliteli \u00fcr\u00fcnler sunar.\" \/>\n<meta name=\"robots\" content=\"index, follow, max-snippet:-1, max-image-preview:large, max-video-preview:-1\" \/>\n<link rel=\"canonical\" href=\"https:\/\/project.multimedyaatolyesi.com\/albeon\/tr\/urunler\/\" \/>\n<meta property=\"og:locale\" content=\"tr_TR\" \/>\n<meta property=\"og:type\" content=\"article\" \/>\n<meta property=\"og:title\" content=\"\u00dcr\u00fcnler - Albayrak Demir \u00c7elik\" \/>\n<meta property=\"og:description\" content=\"Albayrak Demir \u00c7elik, in\u015faat \u00e7ivisi, \u00e7elik has\u0131r, tavl\u0131 tel, galvanizli tel ve panel \u00e7it gibi \u00fcr\u00fcnlerde y\u00fcksek kaliteli \u00fcr\u00fcnler sunar.\" \/>\n<meta property=\"og:url\" content=\"https:\/\/project.multimedyaatolyesi.com\/albeon\/tr\/urunler\/\" \/>\n<meta property=\"og:site_name\" content=\"Albayrak Demir \u00c7elik\" \/>\n<meta property=\"article:publisher\" content=\"https:\/\/www.facebook.com\/albayrakdemircelik\" \/>\n<meta property=\"article:modified_time\" content=\"2025-06-24T09:16:23+00:00\" \/>\n<meta property=\"og:image\" content=\"https:\/\/project.multimedyaatolyesi.com\/albeon\/wp-content\/uploads\/2024\/10\/Albayrak-Demir-Celik.webp\" \/>\n\t<meta property=\"og:image:width\" content=\"1200\" \/>\n\t<meta property=\"og:image:height\" content=\"675\" \/>\n\t<meta property=\"og:image:type\" content=\"image\/webp\" \/>\n<meta name=\"twitter:card\" content=\"summary_large_image\" \/>\n<meta name=\"twitter:site\" content=\"@albayrakDC\" \/>\n<meta name=\"twitter:label1\" content=\"Tahmini okuma s\u00fcresi\" \/>\n\t<meta name=\"twitter:data1\" content=\"1 dakika\" \/>\n<script type=\"application\/ld+json\" class=\"yoast-schema-graph\">{\"@context\":\"https:\/\/schema.org\",\"@graph\":[{\"@type\":\"WebPage\",\"@id\":\"https:\/\/project.multimedyaatolyesi.com\/albeon\/tr\/urunler\/\",\"url\":\"https:\/\/project.multimedyaatolyesi.com\/albeon\/tr\/urunler\/\",\"name\":\"\u00dcr\u00fcnler - Albayrak Demir \u00c7elik\",\"isPartOf\":{\"@id\":\"https:\/\/project.multimedyaatolyesi.com\/albeon\/#website\"},\"datePublished\":\"2024-10-01T07:23:57+00:00\",\"dateModified\":\"2025-06-24T09:16:23+00:00\",\"description\":\"Albayrak Demir \u00c7elik, in\u015faat \u00e7ivisi, \u00e7elik has\u0131r, tavl\u0131 tel, galvanizli tel ve panel \u00e7it gibi \u00fcr\u00fcnlerde y\u00fcksek kaliteli \u00fcr\u00fcnler sunar.\",\"breadcrumb\":{\"@id\":\"https:\/\/project.multimedyaatolyesi.com\/albeon\/tr\/urunler\/#breadcrumb\"},\"inLanguage\":\"tr\",\"potentialAction\":[{\"@type\":\"ReadAction\",\"target\":[\"https:\/\/project.multimedyaatolyesi.com\/albeon\/tr\/urunler\/\"]}]},{\"@type\":\"BreadcrumbList\",\"@id\":\"https:\/\/project.multimedyaatolyesi.com\/albeon\/tr\/urunler\/#breadcrumb\",\"itemListElement\":[{\"@type\":\"ListItem\",\"position\":1,\"name\":\"Albayrak Demir \u00c7elik\",\"item\":\"https:\/\/project.multimedyaatolyesi.com\/albeon\/tr\/anasayfa\/\"},{\"@type\":\"ListItem\",\"position\":2,\"name\":\"\u00dcr\u00fcnler\"}]},{\"@type\":\"WebSite\",\"@id\":\"https:\/\/project.multimedyaatolyesi.com\/albeon\/#website\",\"url\":\"https:\/\/project.multimedyaatolyesi.com\/albeon\/\",\"name\":\"Albayrak Demir \u00c7elik\",\"description\":\"Albayrak Demir \u00c7elik\",\"publisher\":{\"@id\":\"https:\/\/project.multimedyaatolyesi.com\/albeon\/#organization\"},\"alternateName\":\"Albayrak Demir \u00c7elik\",\"potentialAction\":[{\"@type\":\"SearchAction\",\"target\":{\"@type\":\"EntryPoint\",\"urlTemplate\":\"https:\/\/project.multimedyaatolyesi.com\/albeon\/?s={search_term_string}\"},\"query-input\":{\"@type\":\"PropertyValueSpecification\",\"valueRequired\":true,\"valueName\":\"search_term_string\"}}],\"inLanguage\":\"tr\"},{\"@type\":\"Organization\",\"@id\":\"https:\/\/project.multimedyaatolyesi.com\/albeon\/#organization\",\"name\":\"Albayrak Demir \u00c7elik\",\"alternateName\":\"Albayrak Demir \u00c7elik\",\"url\":\"https:\/\/project.multimedyaatolyesi.com\/albeon\/\",\"logo\":{\"@type\":\"ImageObject\",\"inLanguage\":\"tr\",\"@id\":\"https:\/\/project.multimedyaatolyesi.com\/albeon\/#\/schema\/logo\/image\/\",\"url\":\"https:\/\/project.multimedyaatolyesi.com\/albeon\/wp-content\/uploads\/2024\/10\/albean-sat1s-transformed-1.png\",\"contentUrl\":\"https:\/\/project.multimedyaatolyesi.com\/albeon\/wp-content\/uploads\/2024\/10\/albean-sat1s-transformed-1.png\",\"width\":1240,\"height\":935,\"caption\":\"Albayrak Demir \u00c7elik\"},\"image\":{\"@id\":\"https:\/\/project.multimedyaatolyesi.com\/albeon\/#\/schema\/logo\/image\/\"},\"sameAs\":[\"https:\/\/www.facebook.com\/albayrakdemircelik\",\"https:\/\/x.com\/albayrakDC\",\"https:\/\/www.youtube.com\/@albayrakdemircelik\",\"https:\/\/www.instagram.com\/albayrakdemircelik\/\",\"https:\/\/www.linkedin.com\/company\/albayrak-demir-\u00e7elik\/?viewAsMember=true\"]}]}<\/script>\n<!-- \/ Yoast SEO plugin. -->","yoast_head_json":{"title":"\u00dcr\u00fcnler - Albayrak Demir \u00c7elik","description":"Albayrak Demir \u00c7elik, in\u015faat \u00e7ivisi, \u00e7elik has\u0131r, tavl\u0131 tel, galvanizli tel ve panel \u00e7it gibi \u00fcr\u00fcnlerde y\u00fcksek kaliteli \u00fcr\u00fcnler sunar.","robots":{"index":"index","follow":"follow","max-snippet":"max-snippet:-1","max-image-preview":"max-image-preview:large","max-video-preview":"max-video-preview:-1"},"canonical":"https:\/\/project.multimedyaatolyesi.com\/albeon\/tr\/urunler\/","og_locale":"tr_TR","og_type":"article","og_title":"\u00dcr\u00fcnler - Albayrak Demir \u00c7elik","og_description":"Albayrak Demir \u00c7elik, in\u015faat \u00e7ivisi, \u00e7elik has\u0131r, tavl\u0131 tel, galvanizli tel ve panel \u00e7it gibi \u00fcr\u00fcnlerde y\u00fcksek kaliteli \u00fcr\u00fcnler sunar.","og_url":"https:\/\/project.multimedyaatolyesi.com\/albeon\/tr\/urunler\/","og_site_name":"Albayrak Demir \u00c7elik","article_publisher":"https:\/\/www.facebook.com\/albayrakdemircelik","article_modified_time":"2025-06-24T09:16:23+00:00","og_image":[{"width":1200,"height":675,"url":"https:\/\/project.multimedyaatolyesi.com\/albeon\/wp-content\/uploads\/2024\/10\/Albayrak-Demir-Celik.webp","type":"image\/webp"}],"twitter_card":"summary_large_image","twitter_site":"@albayrakDC","twitter_misc":{"Tahmini okuma s\u00fcresi":"1 dakika"},"schema":{"@context":"https:\/\/schema.org","@graph":[{"@type":"WebPage","@id":"https:\/\/project.multimedyaatolyesi.com\/albeon\/tr\/urunler\/","url":"https:\/\/project.multimedyaatolyesi.com\/albeon\/tr\/urunler\/","name":"\u00dcr\u00fcnler - Albayrak Demir \u00c7elik","isPartOf":{"@id":"https:\/\/project.multimedyaatolyesi.com\/albeon\/#website"},"datePublished":"2024-10-01T07:23:57+00:00","dateModified":"2025-06-24T09:16:23+00:00","description":"Albayrak Demir \u00c7elik, in\u015faat \u00e7ivisi, \u00e7elik has\u0131r, tavl\u0131 tel, galvanizli tel ve panel \u00e7it gibi \u00fcr\u00fcnlerde y\u00fcksek kaliteli \u00fcr\u00fcnler sunar.","breadcrumb":{"@id":"https:\/\/project.multimedyaatolyesi.com\/albeon\/tr\/urunler\/#breadcrumb"},"inLanguage":"tr","potentialAction":[{"@type":"ReadAction","target":["https:\/\/project.multimedyaatolyesi.com\/albeon\/tr\/urunler\/"]}]},{"@type":"BreadcrumbList","@id":"https:\/\/project.multimedyaatolyesi.com\/albeon\/tr\/urunler\/#breadcrumb","itemListElement":[{"@type":"ListItem","position":1,"name":"Albayrak Demir \u00c7elik","item":"https:\/\/project.multimedyaatolyesi.com\/albeon\/tr\/anasayfa\/"},{"@type":"ListItem","position":2,"name":"\u00dcr\u00fcnler"}]},{"@type":"WebSite","@id":"https:\/\/project.multimedyaatolyesi.com\/albeon\/#website","url":"https:\/\/project.multimedyaatolyesi.com\/albeon\/","name":"Albayrak Demir \u00c7elik","description":"Albayrak Demir \u00c7elik","publisher":{"@id":"https:\/\/project.multimedyaatolyesi.com\/albeon\/#organization"},"alternateName":"Albayrak Demir \u00c7elik","potentialAction":[{"@type":"SearchAction","target":{"@type":"EntryPoint","urlTemplate":"https:\/\/project.multimedyaatolyesi.com\/albeon\/?s={search_term_string}"},"query-input":{"@type":"PropertyValueSpecification","valueRequired":true,"valueName":"search_term_string"}}],"inLanguage":"tr"},{"@type":"Organization","@id":"https:\/\/project.multimedyaatolyesi.com\/albeon\/#organization","name":"Albayrak Demir \u00c7elik","alternateName":"Albayrak Demir \u00c7elik","url":"https:\/\/project.multimedyaatolyesi.com\/albeon\/","logo":{"@type":"ImageObject","inLanguage":"tr","@id":"https:\/\/project.multimedyaatolyesi.com\/albeon\/#\/schema\/logo\/image\/","url":"https:\/\/project.multimedyaatolyesi.com\/albeon\/wp-content\/uploads\/2024\/10\/albean-sat1s-transformed-1.png","contentUrl":"https:\/\/project.multimedyaatolyesi.com\/albeon\/wp-content\/uploads\/2024\/10\/albean-sat1s-transformed-1.png","width":1240,"height":935,"caption":"Albayrak Demir \u00c7elik"},"image":{"@id":"https:\/\/project.multimedyaatolyesi.com\/albeon\/#\/schema\/logo\/image\/"},"sameAs":["https:\/\/www.facebook.com\/albayrakdemircelik","https:\/\/x.com\/albayrakDC","https:\/\/www.youtube.com\/@albayrakdemircelik","https:\/\/www.instagram.com\/albayrakdemircelik\/","https:\/\/www.linkedin.com\/company\/albayrak-demir-\u00e7elik\/?viewAsMember=true"]}]}},"_links":{"self":[{"href":"https:\/\/project.multimedyaatolyesi.com\/albeon\/wp-json\/wp\/v2\/pages\/23","targetHints":{"allow":["GET"]}}],"collection":[{"href":"https:\/\/project.multimedyaatolyesi.com\/albeon\/wp-json\/wp\/v2\/pages"}],"about":[{"href":"https:\/\/project.multimedyaatolyesi.com\/albeon\/wp-json\/wp\/v2\/types\/page"}],"author":[{"embeddable":true,"href":"https:\/\/project.multimedyaatolyesi.com\/albeon\/wp-json\/wp\/v2\/users\/1"}],"replies":[{"embeddable":true,"href":"https:\/\/project.multimedyaatolyesi.com\/albeon\/wp-json\/wp\/v2\/comments?post=23"}],"version-history":[{"count":67,"href":"https:\/\/project.multimedyaatolyesi.com\/albeon\/wp-json\/wp\/v2\/pages\/23\/revisions"}],"predecessor-version":[{"id":1444,"href":"https:\/\/project.multimedyaatolyesi.com\/albeon\/wp-json\/wp\/v2\/pages\/23\/revisions\/1444"}],"wp:attachment":[{"href":"https:\/\/project.multimedyaatolyesi.com\/albeon\/wp-json\/wp\/v2\/media?parent=23"}],"curies":[{"name":"wp","href":"https:\/\/api.w.org\/{rel}","templated":true}]}}